8.
68
Calculate the highest common factor of 3 and 63.
3
What is the highest common factor of 38 and 817?
19
Calculate the highest common divisor of 730 and 584.
146
What is the greatest common factor of 816 and 456?
24
Calculate the greatest common divisor of 182 and 4298.
14
Calculate the highest common factor of 12 and 21.
3
Calculate the highest common factor of 12 and 1092.
12
Calculate the greatest common divisor of 2 and 64.
2
What is the greatest common divisor of 102 and 1122?
102
Calculate the highest common divisor of 48 and 3048.
24
Calculate the greatest common factor of 478 and 4.
2
Calculate the greatest common factor of 10 and 1375.
5
Calculate the greatest common divisor of 52 and 262.
2
Calculate the greatest common divisor of 63 and 4221.
63
What is the highest common factor of 1854 and 189?
9
What is the greatest common divisor of 3624 and 24?
24
What is the greatest common divisor of 2 and 31082?
2
Calculate the greatest common factor of 31 and 2201.
31
What is the greatest common factor of 10506 and 824?
206
What is the greatest common factor of 20053 and 22?
11
Calculate the highest common factor of 162 and 63.
9
What is the greatest common divisor of 910 and 238?
14
Calculate the greatest common divisor of 2432 and 114.
38
Calculate the greatest common factor of 945 and 180.
45
Calculate the highest common divisor of 72 and 243.
9
Calculate the highest common factor of 12 and 1928.
4
Calculate the greatest common divisor of 265 and 689.
53
Calculate the greatest common factor of 13407 and 218.
109
What is the greatest common factor of 2550 and 714?
102
Calculate the highest common factor of 847 and 1001.
77
Calculate the greatest common divisor of 5129 and 2007.
223
Calculate the greatest common divisor of 248 and 558.
62
Calculate the greatest common factor of 16725 and 223.
223
What is the greatest common divisor of 100 and 80?
20
What is the greatest common divisor of 54 and 8?
2
Calculate the highest common divisor of 60 and 405.
15
Calculate the highest common factor of 24 and 696.
24
Calculate the highest common factor of 138 and 6141.
69
What is the greatest common factor of 6 and 5049?
3
Calculate the greatest common divisor of 14546 and 70.
14
What is the greatest common factor of 417 and 6?
3
What is the highest common factor of 748 and 572?
44
Calculate the greatest common divisor of 2747 and 67.
67
Calculate the greatest common divisor of 14 and 42.
14
What is the highest common divisor of 70 and 5?
5
What is the highest common divisor of 213 and 3?
3
Calculate the highest common divisor of 6 and 2.
2
Calculate the greatest common factor of 152 and 6.
2
Calculate the highest common divisor of 215 and 559.
43
Calculate the highest common divisor of 1026 and 12.
6
Calculate the greatest common divisor of 327 and 1853.
109
Calculate the greatest common factor of 63 and 279.
9
What is the highest common divisor of 160 and 20?
20
Calculate the highest common divisor of 4 and 36.
4
Calculate the highest common divisor of 200 and 80.
40
What is the greatest common divisor of 154 and 539?
77
What is the greatest common divisor of 74 and 6031?
37
Calculate the highest common factor of 50535 and 9.
9
What is the highest common factor of 294 and 258?
6
Calculate the highest common divisor of 96 and 264.
24
Calculate the greatest common divisor of 135 and 837.
27
Calculate the greatest common divisor of 37668 and 12.
12
Calculate the highest common divisor of 39 and 6227.
13
What is the greatest common divisor of 2795 and 26?
13
Calculate the highest common divisor of 141 and 8836.
47
What is the greatest common factor of 380 and 76?
76
What is the highest common divisor of 14 and 182?
14
What is the highest common factor of 297 and 351?
27
Calculate the greatest common factor of 9035 and 39.
13
What is the greatest common divisor of 9379 and 113?
113
What is the greatest common divisor of 451 and 407?
11
Calculate the greatest common divisor of 261 and 696.
87
Calculate the highest common factor of 12 and 384.
12
What is the highest common factor of 572 and 88?
44
Calculate the highest common factor of 434 and 2728.
62
What is the greatest common divisor of 8320 and 65?
65
What is the greatest common divisor of 4 and 148?
4
Calculate the highest common divisor of 90 and 960.
30
Calculate the highest common divisor of 1089 and 121.
121
What is the greatest common factor of 952 and 340?
68
What is the highest common divisor of 62 and 4681?
31
Calculate the highest common factor of 680 and 30.
10
What is the greatest common factor of 125 and 2650?
25
Calculate the greatest common factor of 189 and 7.
7
What is the greatest common divisor of 1 and 23?
1
What is the greatest common divisor of 17 and 53822?
17
What is the highest common divisor of 255 and 102?
51
Calculate the greatest common divisor of 21 and 17801.
7
Calculate the highest common factor of 506 and 88.
22
What is the highest common divisor of 91 and 13559?
91
What is the highest common factor of 1980 and 176?
44
Calculate the greatest common divisor of 1917 and 45.
9
Calculate the highest common factor of 6897 and 57.
57
Calculate the greatest common factor of 88 and 2530.
22
What is the highest common factor of 406 and 174?
58
Calculate the greatest common divisor of 35 and 469.
7
What is the greatest common factor of 1464 and 312?
24
Calculate the highest common factor of 10 and 1115.
5
Calculate the greatest common factor of 1880 and 240.
40
Calculate the highest common divisor of 8 and 6704.
8
Calculate the highest common divisor of 15 and 35.
5
What is the greatest common factor of 8 and 88?
8
What is the greatest common divisor of 303 and 6?
3
Calculate the highest common factor of 12 and 67356.
12
What is the highest common divisor of 266 and 28?
14
Calculate the greatest common factor of 779 and 41.
41
What is the highest common divisor of 3090 and 315?
15
What is the greatest common divisor of 120 and 15?
15
Calculate the greatest common divisor of 143 and 1274.
13
What is the greatest common factor of 3406 and 234?
26
Calculate the highest common divisor of 149 and 9983.
149
Calculate the highest common factor of 143 and 110.
11
What is the highest common factor of 21 and 2408?
7
What is the greatest common factor of 105 and 345?
15
Calculate the greatest common factor of 175 and 75.
25
What is the highest common divisor of 2613 and 78?
39
Calculate the highest common factor of 324 and 256.
4
Calculate the greatest common factor of 1584 and 44.
44
What is the greatest common factor of 2695 and 35?
35
Calculate the highest common divisor of 88 and 8.
8
Calculate the highest common factor of 924 and 1452.
132
What is the greatest common factor of 1083 and 456?
57
What is the highest common divisor of 6 and 146?
2
What is the highest common factor of 2 and 2237?
1
What is the highest common factor of 124 and 63240?
124
Calculate the highest common divisor of 12 and 39.
3
Calculate the greatest common divisor of 5094 and 54.
18
What is the greatest common divisor of 9 and 21051?
9
Calculate the greatest common factor of 45 and 105.
15
What is the highest common factor of 2 and 361?
1
What is the greatest common factor of 30 and 990?
30
What is the greatest common factor of 36 and 102?
6
Calculate the highest common factor of 25 and 3125.
25
Calculate the highest common divisor of 684 and 19.
19
What is the greatest common divisor of 791 and 133?
7
What is the highest common factor of 75 and 240?
15
What is the greatest common factor of 96 and 141?
3
What is the greatest common divisor of 737 and 201?
67
Calculate the greatest common factor of 15 and 12735.
15
Calculate the greatest common divisor of 346 and 4.
2
What is the greatest common factor of 1975 and 1027?
79
Calculate the highest common factor of 4 and 27.
1
What is the greatest common divisor of 6375 and 150?
75
Calculate the highest common divisor of 118 and 4.
2
Calculate the greatest common divisor of 56 and 8.
8
Calculate the greatest common factor of 52 and 130.
26
What is the greatest common factor of 266 and 15561?
133
Calculate the greatest common divisor of 263 and 59701.
263
Calculate the highest common divisor of 1356 and 48.
12
Calculate the highest common factor of 1518 and 